1101000?
1111110010001
In base 8, what is -1167344775 - 0?
-1167344775
In base 7, what is -22 - 3466622?
-3466644
In base 6, what is -435430431 + -1?
-435430432
In base 15, what is 216 + -22d660?
-22d449
In base 15, what is 4 + -380502a?
-3805026
In base 6, what is -3 + 5423050043?
5423050040
In base 5, what is -2322214432 + -4?
-2322214441
In base 3, what is 12 - 122121220000211?
-122121220000122
In base 16, what is -1 - -13f7700?
13f76ff
In base 2, what is -1000101001 + -10101000111000110?
-10101001111101111
In base 2, what is 1011001100111100101010000 - -1011?
1011001100111100101011011
In base 16, what is 5 - -d6a0?
d6a5
In base 16, what is 1569ddb4 + 1?
1569ddb5
In base 13, what is -7 - 11b829?
-11b833
In base 5, what is -240004 + 2034?
-232420
In base 13, what is -a205ab7 + -2?
-a205ab9
In base 3, what is -11100 - 11021211011011?
-11021211022111
In base 5, what is 2002021 - 23414?
1423102
In base 7, what is -35012001 + -1?
-35012002
In base 15, what is d9a + -4c5?
8c5
In base 16, what is 188d793 - -4?
188d797
In base 4, what is 10010032330 - 10323?
10010022001
In base 11, what is 1629 + -5242?
-3714
In base 16, what is b2e3 - -7e0?
bac3
In base 16, what is -1 - -6d311a8?
6d311a7
In base 3, what is -11011000002012 + -100?
-11011000002112
In base 16, what is -9b6e + -4cb?
-a039
In base 15, what is 1d6 + -7e9e?
-7cb8
In base 8, what is 5 - -171623017?
171623024
In base 5, what is -114404 - -14123?
-100231
In base 5, what is -13324 - -121312?
102433
In base 6, what is -10 - 35112514?
-35112524
In base 15, what is 0 - a501a?
-a501a
In base 4, what is -13 + -2130022113100?
-2130022113113
In base 8, what is 22134146 - -111?
22134257
In base 4, what is 3320030010213 - 2?
3320030010211
In base 3, what is -211022022011 - 100?
-211022022111
In base 16, what is 58 + 66379c?
6637f4
In base 14, what is -8d71 + -329?
-929a
In base 11, what is -a + 16715439?
1671542a
In base 11, what is 48137105 + 3?
48137108
In base 9, what is -165 + 1351213?
1351037
In base 5, what is 220 + -323403?
-323133
In base 15, what is 1 - 12a1091?
-12a1090
In base 2, what is 1 + -1101111101111110100100110?
-1101111101111110100100101
In base 10, what is 71758 + -4927?
66831
In base 6, what is -23131 + -104005?
-131140
In base 6, what is -21324202154 - -3?
-21324202151
In base 2, what is -111100 - -111101100110110110101011?
111101100110110101101111
In base 11, what is 4326158 - -4?
4326161
In base 9, what is 5 - 6162640?
-6162634
In base 3, what is -2002 + 1002211020?
1002202011
In base 12, what is -b6b2 - 1bb?
-b8b1
In base 11, what is 86 + 929aa8?
92a083
In base 5, what is 4 + 1334032331?
1334032340
In base 14, what is 8302d1 + 3?
8302d4
In base 4, what is 11001 + -12031023322?
-12031012321
In base 4, what is -3 - -22202111001302?
22202111001233
In base 16, what is -4 + -1121987?
-112198b
In base 5, what is -103 + 233404041?
233403433
In base 11, what is -100 - -692?
592
In base 12, what is -43 - -22a5a24?
22a59a1
In base 5, what is -14 + -41211301011?
-41211301030
In base 9, what is 14627342 - 113?
14627228
In base 15, what is 4e0a50 - -4?
4e0a54
In base 14, what is -16a7a0 - 19?
-16a7b9
In base 14, what is -10d0500 - -5a?
-10d0484
In base 9, what is 3347830 + 1?
3347831
In base 14, what is -403 - -15b8d?
1578a
In base 8, what is 4 - 103204562?
-103204556
In base 5, what is 200 + -101132010?
-101131310
In base 16, what is -459a - b1?
-464b
In base 14, what is c96c7 - 202?
c94c5
In base 4, what is 1103 + 212212102310?
212212110013
In base 16, what is -69388 + 1f?
-69369
In base 10, what is 5 - 6877244?
-6877239
In base 14, what is adcd7a - -5?
adcd81
In base 7, what is 36112426 - 663?
36111433
In base 8, what is 12327 + 34260?
46607
In base 7, what is -4 - -11530553345?
11530553341
In base 10, what is -8499 + -667?
-9166
In base 8, what is 14 + 3624631?
3624645
In base 3, what is -12001 - 211122001?
-211211002
In base 16, what is -21ec2 + -176?
-22038
In base 3, what is -100122220021 - -10221?
-100122202100
In base 6, what is 45143 + -2331?
42412
In base 8, what is -66077 + -10374?
-76473
In base 6, what is -255 + -2014014?
-2014313
In base 14, what is 7c850 - 979?
7bcb5
In base 10, what is -21493990 + 2?
-21493988
In base 11, what is -3 - 119168596?
-119168599
In base 2, what is -11111110101 - -1011101101100?
111101110111
In base 8, what is -137151 - -775?
-136154
In base 3, what is -111 - -12210220120120?
12210220120002
In base 6, what is -452023245 - 124?
-452023413
In base 12, what is 1518 - -a345?
b861
In base 10, what is 1772 - -159305?
161077
In base 10, what is -2 - -68828440?
68828438
In base 2, what is -10000110 + -1011100000001100?
-1011100010010010
In base 4, what is 1003103202102 - -2?
1003103202110
In base 14, what is 4d0 + -3165?
-2a75
In base 4, what is -122133 - -21313010?
21130211
In base 16, what is 3fa1fb - -4?
3fa1ff
In base 7, what is -214610 + 34003?
-150604
In base 8, what is 13654 - -51554?
65430
In base 4, what is -33 - -113001301010?
113001300311
In base 15, what is -5 + -180b9a?
-180ba0
In base 16, what is -114eee7 + -8?
-114eeef
In base 10, what is 22634285 - 8?
22634277
In base 2, what is 101 - 10001110000101001100100?
-10001110000101001011111
In base 3, what is -1212120 + -100001121001?
-100010110121
In base 3, what is 2200002112211 - -1?
2200002112212
In base 11, what is -63a6 + 6136?
-270
In base 5, what is -2 + 4404210304?
4404210302
In base 8, what is 347510 - -317?
350027
In base 16, what is -2ab + -a3ff?
-a6aa
In base 12, what is 37251b34 + 2?
37251b36
In base 8, what is 731465 - 3?
731462
In base 8, what is -344 + 71650?
71304
In base 11, what is 28 - -33110?
33138
In base 9, what is 17 + -12613340?
-12613322
In base 4, what is 3022 + 103102013?
103111101
In base 15, what is ecbab8 - 0?
ecbab8
In base 8, what is -3 - -161625143?
161625140
In base 11, what is 54930 + 158?
54a88
In base 7, what is 105315024 - 65?
105314626
In base 8, what is 30 + -1433443?
-1433413
In base 5, what is -44 + -33034332?
-33034431
In base 4, what is -10 + -333320131323?
-333320131333
In base 8, what is 713023 + 52?
713075
In base 2, what is 10001111001001011 - -1000011100?
10010000001100111
In base 6, what is -5 + -15223425422?
-15223425431
In base 5, what is 1324231034 - -10?
1324231044
In base 13, what is -10b78 + -243?
-110bb
In base 13, what is -230 - 12a75?
-12ca5
In base 7, what is -4 - -52034201?
52034164
In base 5, what is -1234044 + -1401214?
-3140313
In base 3, what is 1022001012111 + -22?
1022001012012
In base 5, what is -3124033014 - -2104?
-3124030410
In base 15, what is 1cc93ab4 + -2?
1cc93ab2
In base 5, what is 201 - -1010422042?
1010422243
In base 7, what is -1316301 + 4521?
-1311450
In base 12, what is 66152 + -27?
66127
In base 3, what is 2111022222210 - 12?
2111022222121
In base 3, what is -102120201221100211 + -11?
-102120201221100222
In base 10, what is 1203587 - 12?
1203575
In base 2, what is -1010101 - -10001110000001000?
10001101110110011
In base 6, what is -1555510324 - -2?
-1555510322
In base 3, what is -210 - 2001121222122?
-2001122000102
In base 3, what is 10 - -100222221101?
100222221111
In base 4, what is 100032200 - 10001?
100022133
In base 4, what is -1033020110 + 1312?
-1033012132
In base 13, what is 4 - -16b02c1?
16b02c5
In base 12, what is 452074a8 - 1?
452074a7
In base 5, what is -213033 + 3044?
-204434
In base 7, what is 302545313 + -2?
302545311
In base 12, what is 1b - -1193033?
1193052
In base 4, what is 1 + 2233312121230?
2233312121231
In base 9, what is 13474 - 232?
13242
In base 7, what is 34526406 - -11?
34526420
In base 6, what is -20 + -30441012?
-30441032
In base 6, what is -1054410001 + -4?
-1054410005
In base 12, what is 4 - -b7318?
b7320
In base 6, what is 4 + -1024432403?
-1024432355
In base 16, what is -c35 + 1cea?
10b5
In base 14, what is -2d09 - -7c?
-2c6b
In base 12, what is 0 + 1295877?
1295877
In base 3, what is -121001 + -2010202021?
-2011100022
In base 8, what is 5 - -170123550?
170123555
In base 10, what is 36774 - 13690?
23084
In base 4, what is -101 - 122202220?
-122202321
In base 7, what is 4 - -205022624?
205022631
In base 7, what is -663 + 5504325?
5503332
In base 2, what is 1111000 - 1101001111101011?
-1101001101110011
In base 2, what is -1010010111100111111100 - 0?
-1010010111100111111100
In